at is the greatest common factor of h and t?
12
Let f be (264/(-9))/(12/(-18)). Calculate the highest common divisor of 143 and f.
11
Suppose 5*w + 5*q - 2*q = 445, 4*w + q = 356. Calculate the greatest common divisor of 712 and w.
89
Suppose 11*b = 14*b. Suppose b = 5*c - 2*c - 120. What is the highest common factor of 10 and c?
10
Let z(a) = 11*a - 50. Let h be z(6). Suppose -132 = -u - 4*g, -4*g + 34 + 226 = 2*u. Calculate the greatest common factor of u and h.
16
Suppose -27*s + 11*s = -128. What is the greatest common divisor of s and 248?
8
Let a(q) = -12*q - 6. Let r be 15/((-2)/((-8)/(-6))). Let j = 7 + r. Let l be a(j). Calculate the highest common factor of l and 20.
10
Let g be (-2466)/42 + (-2)/7. Let n = g + 84. What is the highest common factor of 10 and n?
5
Let l be (-10 + 5 + 6)*-40. Let j be (4 - l/(-8))*(1 - 36). Calculate the highest common factor of 5 and j.
5
Suppose r - 5*q - 28 = 0, 2*r + r - 27 = -4*q. Let f = 268 + -164. What is the greatest common factor of r and f?
13
Let d be ((-266)/4)/19*-4. What is the greatest common factor of 175 and d?
7
Let p be 11/(99/25488) - 10. What is the greatest common divisor of p and 83?
83
Let u = -3 - -6. Suppose -u*w = w. Suppose 0 = -w*o - 4*o + 120. What is the greatest common divisor of 150 and o?
30
Let w(h) = 7 + 2 + 5 - h. Let x be w(-13). Let y = x - 3. What is the greatest common factor of 216 and y?
24
Let o be 72/(-32)*(-4)/18*28. Let t = o + 4. What is the highest common factor of t and 27?
9
Let c(f) = 2*f**3 + 2*f**2. Let o be c(2). Suppose 5*k - 301 = -2*k. Suppose 5*t - 37 = -g, 4*g + t - k = 2*t. Calculate the greatest common divisor of g and o.
12
Let a be (-4)/(6 - 2) - -5. Suppose -2*v + 37 = -3*b, -3*v + 56 + 6 = 2*b. What is the greatest common factor of v and a?
4
Let y = 548 + -529. Calculate the greatest common divisor of y and 133.
19
Suppose 3*q + 16 = 5*q. Let s = 37 - 39. Let y be (-8)/(-6)*(s - -20). Calculate the greatest common divisor of y and q.
8
Suppose 2*r - 10 = 2*b + b, 3*r = 5*b + 15. What is the highest common divisor of 85 and r?
5
Suppose 0 = -3*y, -5*a + 5*y = -0 + 30. Let v be (-32)/a*(-12)/(-16). Suppose -v*m + 85 = m. Calculate the greatest common factor of m and 17.
17
Let p = 1328 - 796. Calculate the greatest common divisor of 28 and p.
28
Suppose 5*q - 314 = n, -247 = -4*q - 6*n + 11*n. What is the highest common factor of 168 and q?
21
Suppose -8*a + 498 = -4*a + 2*p, -4*a + 501 = p. Calculate the highest common factor of a and 14.
14
Let w = 17 - 15. Let i(p) = 2*p**2 - p + 4. Let f be i(w). Calculate the greatest common divisor of 80 and f.
10
Suppose 3*d - 8 = -98. Let k = 50 + d. What is the highest common factor of 80 and k?
20
Suppose -500 = -5*q - 4*z, -3*q + z - 6*z = -287. Let r = -105 + 134. Suppose 2*y - r + 3 = 0. Calculate the highest common divisor of y and q.
13
Let f = -19 + 28. What is the greatest common factor of 117 and f?
9
Suppose -z + 2*f + 14 = -50, -5*z + 296 = -4*f. Suppose 3 + 7 = 5*x. Suppose 0 = -4*r + 54 + x. What is the highest common factor of z and r?
14
Let s(v) = -17*v**3 + 2*v**2 - 40*v - 6. Let m be s(-5). Calculate the greatest common factor of 23 and m.
23
Suppose 0 = -19*z + 33*z - 3024. What is the highest common divisor of 8 and z?
8
Suppose 3*i - 471 = -2*n, -i + 496 = 2*n - 3*i. Calculate the highest common divisor of n and 27.
27
Let h be ((-5670)/(-21))/(2 + 0 - 1). What is the highest common divisor of 10 and h?
10
Let z(y) = y**2 - 14*y + 27. Let m be z(12). Suppose -d + 5 + 0 = 5*c, -2*c = m*d + 50. Let p = d - -33. Calculate the greatest common factor of p and 78.
13
Let v = -103 + 112. Suppose v*j - 10*j = -33. Calculate the highest common factor of j and 11.
11
Let z(q) = q + 0*q - 7 + 0*q. Let m be z(10). Suppose -m*d + 2*d = 4*a - 7, 2*d = -a - 7. Calculate the greatest common divisor of a and 27.
3
Suppose -5*x + 100 = 3*f, 15*x - 14*x + 4 = 0. Calculate the highest common divisor of 10 and f.
10
Let g(k) = -k**3 + 3*k + 4. Let s be g(-3). Let n be (-834600)/(-3450) - (-2)/23. Calculate the highest common factor of n and s.
22
Suppose 16*x = 810 + 438. What is the highest common divisor of x and 494?
26
Let r = 8 + -6. Suppose 17*i - 50 - 222 = 0. What is the highest common divisor of i and r?
2
Let s be (-8021)/(-52) + (-2)/8. What is the greatest common divisor of s and 28?
14
Suppose -3 + 11 = 4*h, 0 = -4*u + 4*h + 20. Suppose u*x + x - 560 = 0. Calculate the greatest common factor of x and 10.
10
Suppose 5*j = 30 - 0. Suppose -j*s + 77 = s. Calculate the greatest common factor of 77 and s.
11
Let r be 58/6 + -9 - (-223)/3. Calculate the greatest common divisor of r and 50.
25
Suppose 0 = -8*y + 13*y - 40. Let a(s) = -s**3 + 9*s**2 - 6*s + 6. Let o be a(y). What is the greatest common divisor of 55 and o?
11
Let o = -3 - -5. Suppose -10365 = -w - o*w. Let f be w/45 + 4/18. Calculate the greatest common divisor of f and 7.
7
Let s(p) = -3*p**3 + 45*p**2 - 16*p + 31. Let i be s(13). What is the greatest common factor of i and 54?
27
Suppose -2*f - 8 = -3*f. Let b be (-3 - -1)*(-1 - -11). Let h be b/f*-3*4. What is the highest common factor of 60 and h?
30
Suppose 5*w = -5*h - 45, -26 = 3*h - 0*h + 4*w. Let l be h/((-3 - -5)/(-12)). Calculate the highest common divisor of 90 and l.
30
Suppose 14 = -z + 5*s, -5*z + 2*z = -5*s + 2. Let c be 3188/(-16) + z/(-8). Let j = -140 - c. Calculate the greatest common factor of j and 12.
12
Suppose 5*o = -q - 28, -9 = -q - 3*o - 29. Let z be 1*(20/q - -3)*54. Calculate the greatest common divisor of 9 and z.
9
Let y(o) = o**2 + o + 10. Let d be y(-5). Let m be (72/15)/3*d. Suppose -b = -0*b - 16. What is the greatest common divisor of m and b?
16
Suppose -b + 5*k - 17 = 0, -b + 4*k - 2 = 2*k. Let g be 12/(-72) - 215/6. Let z be g/21*(-6 + -1). What is the greatest common divisor of z and b?
4
Suppose -4*y + 5*z = -0*z + 113, z = 4*y + 125. Let b = y - -44. What is the greatest common factor of b and 4?
4
Let l = 18 - 14. Let f(h) be the first derivative of 7*h**2/2 - 4*h - 1. Let y be f(l). Calculate the highest common factor of 8 and y.
8
Let z = 334 + -324. What is the highest common factor of z and 290?
10
Let t be (-6 + (-124)/(-10))*(-30)/(-4). What is the highest common divisor of t and 6?
6
Let x be 3 + -4 + 14 + -2. Let r = 27 - x. Calculate the highest common factor of r and 32.
16
Suppose -f + 8 = 3*m - 0, 0 = 2*m + 2*f - 8. Let w(z) = z**3 + 2 + 11 - 31*z - 12*z**m + 42*z. Let a be w(11). What is the greatest common divisor of 26 and a?
13
Suppose 30 = 3*a + 3*h, 4*h - 34 = -3*a - 0*h. Let t be 152/6 + (-2)/a. Suppose t = 4*v + 1. Calculate the highest common divisor of v and 6.
6
Suppose -67 = -3*v - 5*f, -3*v = -f - 49 - 6. Let w = v - -8. Calculate the highest common divisor of w and 3.
3
Let d be (0 - 371)/(-105 - -104). What is the greatest common divisor of 14 and d?
7
Suppose 2*g + 0*y = 4*y + 36, 5*g + 2*y = 126. What is the highest common divisor of g and 18?
6
Suppose 18*u = 26*u - 104. Let x(j) = 53*j**3 - 2*j**2 + 2*j - 1. Let i be x(1). Calculate the greatest common divisor of i and u.
13
Let h = 5 - 4. Suppose -2*b = 3*a + 7, -4*b + 2*a = 4 + 2. Let p be 169/2 - h/b. Calculate the highest common factor of 34 and p.
17
Let u(x) = -x**3 + 2*x**2 - 3*x. Let r be u(2). Let w = r + 8. Suppose -v + 2*z + 12 = 0, 3*v + w*v - 5*z = 80. What is the highest common divisor of v and 10?
10
Suppose 5 = s, -2*s + 0*s = -3*t + 131. Suppose -4*k + 3*k = t. Let y = k + 95. What is the highest common divisor of y and 6?
6
Suppose -3*j + 15 = 2*j. Let q(b) = b**2 - 3*b - 4. Let p be q(j). Let w be 0 + 8 - p/(-2). Calculate the highest common factor of w and 66.
6
Suppose 5*f - 192 = 2*f. Suppose 6 = 7*c - f. What is the greatest common factor of 20 and c?
10
Let a be (42/35)/(1/10). Calculate the greatest common factor of 1212 and a.
12
Suppose -2*s = 3*f - 6*s + 16, 2*s = 4*f + 8. Suppose f = 4*a + 4, 4*a + 7 = t + 3*a. Calculate the greatest common factor of 8 and t.
2
Let c(p) = -p - 13. Let w be c(5). Let f be -8*1*(11 + w). Calculate the highest common divisor of 7 and f.
7
Let g be 247/(-221) + 2/17. Let q be g/(-6)*129*2. Calculate the greatest common factor of q and 258.
43
Let y be (-9)/15 - (-129)/15. Suppose 0 = 4*f